{"id":41,"date":"2024-05-03T17:09:38","date_gmt":"2024-05-03T16:09:38","guid":{"rendered":"https:\/\/rk-sickinger-hoehe.de\/?page_id=41"},"modified":"2026-03-04T08:08:31","modified_gmt":"2026-03-04T07:08:31","slug":"vorstand","status":"publish","type":"page","link":"https:\/\/rk-sickinger-hoehe.de\/?page_id=41","title":{"rendered":"Vorstand"},"content":{"rendered":"\n<p><strong>RK Sickinger H\u00f6he<\/strong><\/p>\n\n\n\n<ol class=\"wp-block-list\">\n<li>Vorsitzende : Oliver Lehner<\/li>\n\n\n\n<li>Vorsitzende : Benedict Kolf<\/li>\n<\/ol>\n\n\n\n<p><strong>RAG Schie\u00dfsport Sickinger H\u00f6he<\/strong><\/p>\n\n\n\n<ol class=\"wp-block-list\">\n<li>Vorsitzende : Benedict Kolf<\/li>\n\n\n\n<li>Vorsitzende : Gunter Schmitt<\/li>\n<\/ol>\n","protected":false},"excerpt":{"rendered":"<p>RK Sickinger H\u00f6he RAG Schie\u00dfsport Sickinger H\u00f6he<\/p>\n","protected":false},"author":1,"featured_media":0,"parent":0,"menu_order":0,"comment_status":"closed","ping_status":"closed","template":"","meta":{"om_disable_all_campaigns":false,"_monsterinsights_skip_tracking":false,"_monsterinsights_sitenote_active":false,"_monsterinsights_sitenote_note":"","_monsterinsights_sitenote_category":0,"footnotes":""},"class_list":["post-41","page","type-page","status-publish","hentry"],"aioseo_notices":[],"_links":{"self":[{"href":"https:\/\/rk-sickinger-hoehe.de\/index.php?rest_route=\/wp\/v2\/pages\/41","targetHints":{"allow":["GET"]}}],"collection":[{"href":"https:\/\/rk-sickinger-hoehe.de\/index.php?rest_route=\/wp\/v2\/pages"}],"about":[{"href":"https:\/\/rk-sickinger-hoehe.de\/index.php?rest_route=\/wp\/v2\/types\/page"}],"author":[{"embeddable":true,"href":"https:\/\/rk-sickinger-hoehe.de\/index.php?rest_route=\/wp\/v2\/users\/1"}],"replies":[{"embeddable":true,"href":"https:\/\/rk-sickinger-hoehe.de\/index.php?rest_route=%2Fwp%2Fv2%2Fcomments&post=41"}],"version-history":[{"count":8,"href":"https:\/\/rk-sickinger-hoehe.de\/index.php?rest_route=\/wp\/v2\/pages\/41\/revisions"}],"predecessor-version":[{"id":126,"href":"https:\/\/rk-sickinger-hoehe.de\/index.php?rest_route=\/wp\/v2\/pages\/41\/revisions\/126"}],"wp:attachment":[{"href":"https:\/\/rk-sickinger-hoehe.de\/index.php?rest_route=%2Fwp%2Fv2%2Fmedia&parent=41"}],"curies":[{"name":"wp","href":"https:\/\/api.w.org\/{rel}","templated":true}]}}