{"id":35,"date":"2024-05-03T17:08:47","date_gmt":"2024-05-03T16:08:47","guid":{"rendered":"https:\/\/rk-sickinger-hoehe.de\/?page_id=35"},"modified":"2026-01-06T16:41:54","modified_gmt":"2026-01-06T15:41:54","slug":"rag-schiessport","status":"publish","type":"page","link":"https:\/\/rk-sickinger-hoehe.de\/?page_id=35","title":{"rendered":"RAG Schie\u00dfsport"},"content":{"rendered":"\n<p class=\"has-text-align-center\">Schie\u00dftermine : Jeden Samstag nach dem dritten Donnerstag im Monat<\/p>\n\n\n\n<p class=\"has-text-align-center\"> von 14 &#8211; 18 Uhr<\/p>\n\n\n\n<p class=\"has-text-align-center\">Adresse : Taubenweiherweg 9, 66882 H\u00fctschenhausen<br><br>N\u00e4chste Schie\u00dfen 2026:<\/p>\n\n\n\n<p><\/p>\n\n\n\n<p>17.01.2026<\/p>\n\n\n\n<p>21.02.2026<\/p>\n\n\n\n<p>21.03.2026<\/p>\n\n\n\n<p>18.04.2026<\/p>\n\n\n\n<p>23.05.2026<\/p>\n\n\n\n<p>20.06.2026<\/p>\n\n\n\n<p>18.07.2026<\/p>\n\n\n\n<p>22.08.2026<\/p>\n\n\n\n<p>19.09.2026<\/p>\n\n\n\n<p>17.10.2026<\/p>\n\n\n\n<p>21.11.2026<\/p>\n\n\n\n<p>19.12.2026<\/p>\n","protected":false},"excerpt":{"rendered":"<p>Schie\u00dftermine : Jeden Samstag nach dem dritten Donnerstag im Monat von 14 &#8211; 18 Uhr Adresse : Taubenweiherweg 9, 66882 H\u00fctschenhausen N\u00e4chste Schie\u00dfen 2026: 17.01.2026 21.02.2026 21.03.2026 18.04.2026 23.05.2026 20.06.2026 18.07.2026 22.08.2026 19.09.2026 17.10.2026 21.11.2026 19.12.2026<\/p>\n","protected":false},"author":1,"featured_media":0,"parent":0,"menu_order":0,"comment_status":"closed","ping_status":"closed","template":"","meta":{"om_disable_all_campaigns":false,"_monsterinsights_skip_tracking":false,"_monsterinsights_sitenote_active":false,"_monsterinsights_sitenote_note":"","_monsterinsights_sitenote_category":0,"footnotes":""},"class_list":["post-35","page","type-page","status-publish","hentry"],"aioseo_notices":[],"_links":{"self":[{"href":"https:\/\/rk-sickinger-hoehe.de\/index.php?rest_route=\/wp\/v2\/pages\/35","targetHints":{"allow":["GET"]}}],"collection":[{"href":"https:\/\/rk-sickinger-hoehe.de\/index.php?rest_route=\/wp\/v2\/pages"}],"about":[{"href":"https:\/\/rk-sickinger-hoehe.de\/index.php?rest_route=\/wp\/v2\/types\/page"}],"author":[{"embeddable":true,"href":"https:\/\/rk-sickinger-hoehe.de\/index.php?rest_route=\/wp\/v2\/users\/1"}],"replies":[{"embeddable":true,"href":"https:\/\/rk-sickinger-hoehe.de\/index.php?rest_route=%2Fwp%2Fv2%2Fcomments&post=35"}],"version-history":[{"count":20,"href":"https:\/\/rk-sickinger-hoehe.de\/index.php?rest_route=\/wp\/v2\/pages\/35\/revisions"}],"predecessor-version":[{"id":121,"href":"https:\/\/rk-sickinger-hoehe.de\/index.php?rest_route=\/wp\/v2\/pages\/35\/revisions\/121"}],"wp:attachment":[{"href":"https:\/\/rk-sickinger-hoehe.de\/index.php?rest_route=%2Fwp%2Fv2%2Fmedia&parent=35"}],"curies":[{"name":"wp","href":"https:\/\/api.w.org\/{rel}","templated":true}]}}